are the prime factors of 1255?
5, 251
What are the prime factors of 2248?
2, 281
List the prime factors of 116907.
3, 7, 19, 293
List the prime factors of 1440.
2, 3, 5
What are the prime factors of 732?
2, 3, 61
List the prime factors of 34914.
2, 3, 11, 23
What are the prime factors of 468?
2, 3, 13
What are the prime factors of 159?
3, 53
What are the prime factors of 37738?
2, 18869
What are the prime factors of 249?
3, 83
What are the prime factors of 33083?
33083
What are the prime factors of 1161?
3, 43
List the prime factors of 20860.
2, 5, 7, 149
List the prime factors of 7832.
2, 11, 89
List the prime factors of 20529.
3, 2281
List the prime factors of 1199.
11, 109
List the prime factors of 5476.
2, 37
What are the prime factors of 1402?
2, 701
What are the prime factors of 206?
2, 103
What are the prime factors of 554?
2, 277
List the prime factors of 13015.
5, 19, 137
What are the prime factors of 7063?
7, 1009
What are the prime factors of 21779?
29, 751
What are the prime factors of 758?
2, 379
List the prime factors of 133763.
7, 97, 197
List the prime factors of 4941.
3, 61
List the prime factors of 354.
2, 3, 59
What are the prime factors of 1248?
2, 3, 13
What are the prime factors of 111078?
2, 3, 11, 17
List the prime factors of 3623.
3623
What are the prime factors of 3166?
2, 1583
What are the prime factors of 305?
5, 61
What are the prime factors of 821?
821
List the prime factors of 456.
2, 3, 19
What are the prime factors of 49918?
2, 11, 2269
List the prime factors of 2943.
3, 109
List the prime factors of 5694.
2, 3, 13, 73
List the prime factors of 1316.
2, 7, 47
List the prime factors of 27490.
2, 5, 2749
What are the prime factors of 14025?
3, 5, 11, 17
What are the prime factors of 121399?
73, 1663
What are the prime factors of 13245?
3, 5, 883
What are the prime factors of 14252?
2, 7, 509
List the prime factors of 31949.
43, 743
List the prime factors of 2956.
2, 739
List the prime factors of 113260.
2, 5, 7, 809
What are the prime factors of 1342?
2, 11, 61
What are the prime factors of 14265?
3, 5, 317
List the prime factors of 19800.
2, 3, 5, 11
List the prime factors of 10412.
2, 19, 137
What are the prime factors of 12718?
2, 6359
What are the prime factors of 4342?
2, 13, 167
List the prime factors of 1555.
5, 311
List the prime factors of 49399.
7, 7057
What are the prime factors of 2197?
13
List the prime factors of 1874.
2, 937
List the prime factors of 130.
2, 5, 13
List the prime factors of 8372.
2, 7, 13, 23
What are the prime factors of 2787?
3, 929
What are the prime factors of 1420?
2, 5, 71
What are the prime factors of 1391?
13, 107
What are the prime factors of 5504?
2, 43
List the prime factors of 1787.
1787
List the prime factors of 83596.
2, 20899
List the prime factors of 20315.
5, 17, 239
List the prime factors of 5975.
5, 239
What are the prime factors of 21751?
21751
What are the prime factors of 45515?
5, 9103
What are the prime factors of 233?
233
What are the prime factors of 3343?
3343
What are the prime factors of 873?
3, 97
List the prime factors of 12580.
2, 5, 17, 37
What are the prime factors of 61?
61
List the prime factors of 8900.
2, 5, 89
What are the prime factors of 5200?
2, 5, 13
What are the prime factors of 4182?
2, 3, 17, 41
What are the prime factors of 7820?
2, 5, 17, 23
What are the prime factors of 854?
2, 7, 61
What are the prime factors of 47929?
7, 41, 167
List the prime factors of 22775.
5, 911
What are the prime factors of 23673?
3, 13, 607
List the prime factors of 30979.
13, 2383
What are the prime factors of 17857?
7, 2551
List the prime factors of 7607.
7607
What are the prime factors of 463?
463
What are the prime factors of 608?
2, 19
What are the prime factors of 2063?
2063
What are the prime factors of 25982?
2, 11, 1181
List the prime factors of 1311.
3, 19, 23
List the prime factors of 114175.
5, 4567
What are the prime factors of 659?
659
What are the prime factors of 2086?
2, 7, 149
What are the prime factors of 17029?
17029
What are the prime factors of 12401?
12401
What are the prime factors of 529?
23
What are the prime factors of 24205?
5, 47, 103
What are the prime factors of 83860?
2, 5, 7, 599
List the prime factors of 1955.
5, 17, 23
What are the prime factors of 799?
17, 47
List the prime factors of 5724.
2, 3, 53
List the prime factors of 44.
2, 11
What are the prime factors of 142501?
142501
List the prime factors of 2837.
2837
What are the prime factors of 4698?
2, 3, 29
What are the prime factors of 3963?
3, 1321
List the prime factors of 7868.
2, 7, 281
List the prime factors of 5159.
7, 11, 67
What are the prime factors of 5955?
3, 5, 397
What are the prime factors of 2500?
2, 5
What are the prime factors of 43497?
3, 179
What are the prime factors of 31476?
2, 3, 43, 61
List the prime factors of 720.
2, 3, 5
What are the prime factors of 612?
2, 3, 17
What are the prime factors of 9015?
3, 5, 601
List the prime factors of 4365.
3, 5, 97
List the prime factors of 56829.
3, 19, 997
List the prime factors of 677.
677
What are the prime factors of 6546?
2, 3, 1091
List the prime factors of 47021.
13, 3617
What are the prime factors of 130785?
3, 5, 8719
What are the prime factors of 1891?
31, 61
List the prime factors of 35584.
2, 139
What are the prime factors of 11637?
3, 431
What are the prime factors of 413?
7, 59
List the prime factors of 52300.
2, 5, 523
List the prime factors of 2230.
2, 5, 223
List the prime factors of 295.
5, 59
List the prime factors of 192.
2, 3
What are the prime factors of 13243?
17, 19, 41
List the prime factors of 18555.
3, 5, 1237
What are the prime factors of 646?
2, 17, 19
List the prime factors of 948.
2, 3, 79
What are the prime factors of 27293?
7, 557
List the prime factors of 3001.
3001
List the prime factors of 24924.
2, 3, 31, 67
List the prime factors of 4873.
11, 443
List the prime factors of 26483.
71, 373
What are the prime factors of 20542?
2, 10271
What are the prime factors of 5657?
5657
List the prime factors of 26688.
2, 3, 139
What are the prime factors of 10501?
10501
What are the prime factors of 1972?
2, 17, 29
List the prime factors of 10302.
2, 3, 17, 101
What are the prime factors of 12182?
2, 6091
What are the prime factors of 8722?
2, 7, 89
List the prime factors of 82884.
2, 3, 6907
List the prime factors of 8962.
2, 4481
What are the prime factors of 3224?
2, 13, 31
What are the prime factors of 1217?
1217
What are the prime factors of 3164?
2, 7, 113
What are the prime factors of 890?
2, 5, 89
What are the prime factors of 169?
13
List the prime factors of 42869.
163, 263
What are the prime factors of 5700?
2, 3, 5, 19
What are the prime factors of 100788?
2, 3, 37, 227
What are the prime factors of 5048?
2, 631
What are the prime factors of 69417?
3, 857
What are the prime factors of 33737?
11, 3067
What are the prime factors of 780?
2, 3, 5, 13
What are the prime factors of 4745?
5, 13, 73
What are the prime factors of 12536?
2, 1567
List the prime factors of 959.
7, 137
What are the prime factors of 2392?
2, 13, 23
What are the prime factors of 2253?
3, 751
What are the prime factors of 13813?
19, 727
List the prime factors of 20759.
20759
List the prime factors of 6188.
2, 7, 13, 17
List the prime factors of 30918.
2, 3, 5153
What are the prime factors of 750?
2, 3, 5
List the prime factors of 45529.
11, 4139
What are the prime factors of 462?
2, 3, 7, 11
What are the prime factors of 1926?
2, 3, 107
What are the prime factors of 4432?
2, 277
List the prime factors of 23945.
5, 4789
List the prime factors of 308.
2, 7, 11
What are the prime factors of 3187?
3187
List the prime factors of 26509.
7, 541
List the prime factors of 269.
269
What are the prime factors of 12340?
2, 5, 617
What are the prime factors of 4204?
2, 1051
What are the prime factors of 4277?
7, 13, 47
List the prime factors of 36368.
2, 2273
List the prime factors of 166.
2, 83
What are the prime factors of 1254?
2, 3, 11, 19
List the prime factors of 21779.
29, 751
What are the prime factors of 1297?
1297
List the prime factors of 624.
2, 3, 13
List the prime factors of 92042.
2, 46021
List the prime factors of 16240.
2, 5, 7, 29
What are the prime factors of 10505?
5, 11, 191
What are the prim